4
Suppose 0 = 2*t - 4*t + 2*i + 236, 2*i = -2*t + 240. What is the tens digit of 5763/t + (-8)/(-14)?
4
Suppose -2*n - 11885 = -3*l - 4476, -n = -5*l + 12353. What is the thousands digit of l?
2
Let q(n) = -25*n**3 - 4*n**2 - 13*n - 10. What is the thousands digit of q(-5)?
3
Suppose 4*t + 0*t = 4*r - 8, 2*r - 3*t - 6 = 0. Suppose 2*q = q + 105. Suppose -5*o + q + 15 = r. What is the tens digit of o?
2
Suppose -4*j + j + 6 = 0. Let c = 145 + j. Suppose -4*g + c = -g. What is the tens digit of g?
4
Let p(r) be the first derivative of -12*r**2 + 20*r - 20. What is the hundreds digit of p(-6)?
1
Suppose 4*s + 50 = 198. What is the tens digit of s?
3
Suppose 4*g = -h + 12, -3*h + 2*g - 5*g + 18 = 0. What is the tens digit of 296/30 - h/(-30)?
1
Let x = -18 + 22. What is the units digit of x/18 - 2735/(-45)?
1
Let o(f) = f**3 - 10*f**2 - 15*f + 12. Let k = -65 + 77. What is the hundreds digit of o(k)?
1
Suppose -5*h = -3*h + 3*l - 5, 3*h = 4*l + 16. Suppose -4*c - z + 11 = 0, -h*z + 5 + 0 = 3*c. What is the units digit of c?
3
Let x = 9 + 40. Suppose q - 90 = x. What is the tens digit of q?
3
Let w be (-6344)/(-56) + (-2)/7. Let p = -80 + w. What is the tens digit of p?
3
Let y(d) be the second derivative of d**4/2 + d**3/6 - d**2/2 - d. Let m be y(-3). Suppose -h - x + 12 = 0, 6*h - h = -3*x + m. What is the units digit of h?
7
Suppose -15 = -4*q - 3, -5*y - q = -18. Suppose 6 + 0 = y*b. Suppose b*p - 19 = 3. What is the units digit of p?
1
Let l be (5 + -2)*915/9. Let p = 213 - l. Let f = -16 - p. What is the units digit of f?
6
Suppose 0 = -d - 2*d - 63. Let a be ((-154)/d)/((-4)/(-6)). Let u = a - 7. What is the units digit of u?
4
Let d = -75 - -77. Let p = -8 + 11. Suppose d*v = p*v - 54. What is the tens digit of v?
5
Let p = 560 - 193. What is the tens digit of p?
6
Suppose 5*s = 4*r - 2964, -15*r = -16*r + s + 740. What is the tens digit of r?
3
Let p(s) be the second derivative of s**3/3 - 7*s**2/2 - 4*s + 18. Suppose -5*l + 6 = -19. What is the units digit of p(l)?
3
Let v = -132 - -208. What is the tens digit of v?
7
Let d be -1 + -3 + (-1 - 1). Let q(u) = -u**3 - 3*u**2 + 17*u + 14. What is the units digit of q(d)?
0
Suppose -1780 = -4*o - 4*l, -o = -5*o + 2*l + 1804. Suppose -51 - 30 = -y - 3*m, 5*y = -4*m + o. What is the units digit of y?
3
Let n(b) = 552*b**2 + 31*b + 4. What is the thousands digit of n(-2)?
2
Let q(t) = -t**2 - 20*t - 15. Suppose -90 = 7*u - u. What is the units digit of q(u)?
0
Let u(v) = 3*v**3 - 4*v**2 + 13*v - 7. What is the hundreds digit of u(5)?
3
Suppose 121596 = 89*j - 101438. What is the hundreds digit of j?
5
Suppose -7*g + 855 = -2*g. Suppose 5*q + a = g, 3*q - 3*a = 46 + 71. What is the units digit of q?
5
Let n(c) = -3*c**2 + 4*c - 3. Let p be n(2). Let w(v) be the first derivative of -v**4/4 - 8*v**3/3 - 4*v**2 - v + 121. What is the units digit of w(p)?
6
Let f = 51 - -231. What is the tens digit of f?
8
Suppose -18*o + 11 + 133 = 0. Suppose -2*t - o*t + 190 = 0. What is the units digit of t?
9
Let l be (1/3)/((-1)/(-18)). What is the units digit of (-4 - 98/l)*-3?
1
Let s be (0 + 44/(-12))/(1/(-192)). Suppose -5*b + s + 218 = 2*n, -4*b + 2*n = -752. What is the hundreds digit of b?
1
Let q(v) = -5*v + 1. Let k be q(3). What is the units digit of (-53 - -25)/(k/10 + 1)?
0
Let j = -8 + 10. Let h be (-3 - 0)/((-3)/j). Suppose -2*s + 2*w = -2, 3*s - s + 2*w = h. What is the units digit of s?
1
Let s(h) = 4*h. Let r be s(0). Suppose r = -7*g + 10*g - 342. What is the tens digit of g?
1
Let f = 16 + -13. Suppose f*w = 7*w - 168. What is the units digit of w?
2
Let s(h) be the second derivative of h**6/360 + h**5/40 - h**4/6 + h**3 + 8*h. Let l(u) be the second derivative of s(u). What is the tens digit of l(-9)?
5
Let l(h) = 54*h - 4. Let f be l(5). Let o = f + -155. What is the hundreds digit of o?
1
Suppose -2*f = 10, 4*t + f + 76 = 5*f. Let o = 0 - t. Let k = 38 + o. What is the units digit of k?
2
Suppose 3*h = 7*h - 2*t - 76, 0 = h - 5*t - 10. What is the units digit of h?
0
Suppose 5*y + 8 = -7. What is the tens digit of 4/2*(2 + (-108)/y)?
7
Let s be ((-2)/4)/(1/2). Let c = 55 - 131. What is the tens digit of c/s*3/12?
1
Suppose 10*b - 2 = 9*b. Let c(a) = -4 + 5*a + 7*a - 4*a + a**b. What is the tens digit of c(-12)?
4
Let q(m) = m**3 + 6*m**2 + 5*m - 2. Let w be q(-5). Let c = w - -5. What is the units digit of c?
3
Let m(k) = -4*k**3 + 2*k**2 + 3*k. Let f be m(-2). Suppose -2*j - f = -4*j. Suppose -3*t + j = 2, -n - t + 20 = 0. What is the tens digit of n?
1
Suppose -292 + 868 = 6*y. What is the units digit of -6*(-104)/y*13*2?
9
Suppose 60*i - 17374 = 43*i. What is the thousands digit of i?
1
Let k(b) = 112*b + 150. What is the thousands digit of k(18)?
2
What is the hundreds digit of 8 + -5 + -7 + 961?
9
Suppose 7*u - 5235 - 4138 = 0. What is the thousands digit of u?
1
Suppose -214 = 2*u - 5*u + 4*k, u = 2*k + 68. Suppose 0 = -5*b + 6*b - u. What is the units digit of b?
8
What is the tens digit of (2/(-4))/((-13)/728)?
2
Suppose 0 = 7*c + 53 + 38. Let u = 24 - c. What is the tens digit of u?
3
Let c = 1141 - 396. What is the units digit of c?
5
Let f = 32 - 23. Suppose b + f = -2*b. What is the tens digit of 9/b - (1 - 38)?
3
Suppose -9*r + 388 + 3518 = 0. What is the units digit of r?
4
Let k(l) = 11*l**2 + 15*l - 3. Let j(h) = -5*h**2 - 8*h + 2. Let o(f) = -5*j(f) - 2*k(f). What is the hundreds digit of o(-8)?
1
Suppose 96*x - 383802 = 2*x. What is the hundreds digit of x?
0
Suppose -2*j = d - 453, -3*d = d + j - 1840. Suppose 6*l + d = l - w, l + w = -89. Let z = l + 159. What is the tens digit of z?
6
Suppose -3*l + 12 = 0, -59 = -3*n - 3*l - 17. Let k(s) = 3*s**2 - 19*s + 45. What is the units digit of k(n)?
5
Let y = -10 - -12. Suppose 2*q = 8 + y. Suppose -h = q*u - 256, -5*u + 0*h = 2*h - 257. What is the units digit of u?
1
Let c(i) = i**2 - 15*i + 14. Let q be c(9). Let j = 60 + q. What is the tens digit of j?
2
Suppose -9*d - 5 = 13. What is the units digit of d*(-2 - -1)*249/6?
3
Let t(f) = f + 3 + f**2 + 22 - 4 - 13*f. What is the units digit of t(17)?
6
Let f = -4838 - -10455. What is the tens digit of f?
1
Suppose -4*s - 16 = -2*w, -2*w - 4*s - 34 = -10. What is the tens digit of w*((-189)/6 + -2)?
6
Let m(q) = q - 16. Let u be m(4). Let x = u - -51. What is the tens digit of x?
3
Suppose 2*v = 3*k + 2809, -2*v + k + 1072 = -1739. What is the thousands digit of v?
1
Let y(a) = -71*a + 279. What is the hundreds digit of y(-16)?
4
Suppose -18*a + 2310 = -7968. What is the tens digit of a?
7
Let h be 0/((-3 - -6)/(9/6)). Suppose 3*b - p - 311 = h, -b = -0*b - p - 107. What is the hundreds digit of b?
1
Suppose 0 = -i + 4*i + 15. Let n = i - -11. Suppose -5*u = 0, -n*l = -2*l + 4*u - 72. What is the tens digit of l?
1
Let x = 14 - 29. What is the units digit of (144/x - -4)*(-10)/4?
4
Suppose 435 = 2*t - 2*s - 503, 929 = 2*t + s. What is the tens digit of t?
6
Let t be 1*3*(9 + -3). Let a = -93 + t. Let h = 111 + a. What is the tens digit of h?
3
Suppose -2*s + 1362 = 3*c, 440 = c + 2*s - 6*s. What is the units digit of c?
2
Suppose n - 671 - 934 = 0. What is the thousands digit of n?
1
Let z = 57 + -62. What is the units digit of ((-298)/8)/(z/20)?
9
Suppose w - 2589 = -4*i - 617, 3*w = -2*i + 996. What is the units digit of i?
2
Let j(x) = 7*x + 2. Suppose 0 = -0*y + 4*y, 5*g - y = 40. Suppose 4*t - g = -0. What is the tens digit of j(t)?
1
Let q be 1 - 3/(-4 - -1). Let w = q + 3. Suppose 5*d = w*r - 3 - 177, 3*d - 47 = -2*r. What is the units digit of r?
1
Suppose -9*w - 199 + 5068 = 0. What is the tens digit of w?
4
Let a = 3 - -6. Suppose 2*x = a + 1. Let w(p) = p**2 - 2*p - 5. What is the units digit of w(x)?
0
Suppose 2*i = 154 + 218. Suppose 4*s - 2*d = i, 0*d - 3*d - 191 = -4*s. What is the tens digit of (s/7)/((-14)/(-49))?
2
Suppose -3*z - 3*i = -12, -11 = -z - 2*z - 2*i. Suppose -z*t + 62 + 43 = 0. What is the units digit of t?
5
Let r = 249 + 349. What is the tens digit of r?
9
Suppose -145 = -3*b + 3*r + 299, 136 = b + 3*r. Suppose -3*d + b = 4*k, -4*k + 6*k + 3*d = 65. What is the units digit of k?
0
Let w be (8/6)/2 - 434/21. Let h = w - -155. What is the tens digit of h?
3
Let l = -10 + 13. Suppose 0*m - l*m = -15. Suppose -2*z + s - 84 = -5*z, -s + 140 = m*